of n?
2
Let d(h) = -h**3 - 5*h**2 + 10*h + 1. Let c(l) = -l**2 - 2*l + 1. Let r be c(-4). What is the units digit of d(r)?
9
Let d be 2 + (4*-3)/(-4). Suppose d*x - 6 - 4 = 0. What is the units digit of x?
2
Let m = 12 + -7. Suppose 4*u + u - 2*d = -73, m*d = 5*u + 70. What is the units digit of -7 - u - (-1 + 1)?
8
Let i be -1 + 0 - (-2 - 2). Suppose f - i = -2*f. What is the units digit of f?
1
Let g = 0 + -21. What is the tens digit of ((-518)/g)/((-4)/(-6))?
3
Let c = -164 - -387. What is the tens digit of c?
2
Let k be 1/(0 - 1)*-6. Let n be (15 + 0)*k/9. What is the units digit of 2 - 3 - n/(-1)?
9
Let c(u) = u**3 - 5*u**2 + 2*u + 2. Suppose -5 = -2*b + b. What is the tens digit of c(b)?
1
Let x = -5 - -5. Suppose -2*u + 32 = -x*u. Suppose -g = -3*g + u. What is the units digit of g?
8
What is the units digit of ((-126)/(-10) + (-14)/(-35))*6?
8
Let y be (-65)/(-15) - (-4)/6. Suppose -y*l + 130 = -5*u, -u - 146 = 5*l - 10*l. What is the tens digit of l?
3
Let h = 20 - -29. Let c = h + -27. What is the units digit of c?
2
Let q be (-3)/2*8*-1. Suppose -l = -3*l + q. What is the units digit of l?
6
Let p(k) = -k + 1. Suppose -4*m = 17 + 3. What is the units digit of p(m)?
6
Let l = -144 - -308. What is the hundreds digit of l?
1
Suppose 2*d + o = 69, -172 = -5*d - o - o. What is the tens digit of d?
3
Suppose 5*j + y = 17, -2*y = 2*j - 0*y - 2. Suppose t + 16 = 3*o, 3*o + 0*t = j*t + 10. What is the units digit of o?
6
Let m(f) be the third derivative of f**6/120 + 3*f**5/20 + f**3 + 2*f**2. What is the units digit of m(-9)?
6
Let z(s) = 2*s**3 - 8*s**2 - 17*s + 3. What is the units digit of z(7)?
8
Suppose z = -30 + 75. What is the units digit of z?
5
Suppose 2*q - 2*y - 28 = -q, q = -5*y + 32. Let j be (-1)/(-2)*(q + -2). Let i = 6 - j. What is the units digit of i?
1
Suppose 0*p + 5*u + 20 = p, -p + 4*u + 17 = 0. Suppose 0 = 4*g - 14 - 6, -2*x = g + 1. What is the units digit of 1 + x + -2 + p?
1
Suppose m = j - 7, j = -m - j + 5. Let i = 40 + m. What is the tens digit of i?
3
Suppose 0 = t - 3*l - 6, 3*l = t + 8*l + 2. Suppose -d + 3*s = 0, t*d - 20 = -0*d + 5*s. What is the units digit of d?
5
Suppose 0 = -5*b - 2*b + 581. What is the units digit of b?
3
Let k = 9 - 6. What is the tens digit of 2/k + 147/9?
1
Let l = -152 - -317. What is the tens digit of l?
6
Let c = -1 - 12. Let q = 8 - c. What is the units digit of q?
1
Let a = 0 - 5. Let g(s) = -2 + s**3 + 3*s**2 + 2*s + 3*s**2 + 2*s. What is the units digit of g(a)?
3
Let x = 10 + -6. Suppose 3*m - x*d = -m + 12, d = -4*m + 17. Suppose 18 = -p + m*p. What is the units digit of p?
6
Suppose 0 = -n + 5*n. Suppose n = -a + 4*a - 24. What is the units digit of a?
8
Let z(n) = n**3 + 8*n**2 + 5*n - 7. Let b(x) = -x**3 - 8*x**2 - 6*x + 7. Let a(p) = 2*b(p) + 3*z(p). What is the units digit of a(-7)?
1
Suppose -20 = -4*s, -s = 4*q - 119 + 2. What is the tens digit of q?
2
Let k(j) = j**2 - 5*j. Let t be k(5). Suppose t = -4*v + 23 + 41. Let z = v + -8. What is the units digit of z?
8
Suppose 2*a - 159 = -3*z - 21, 0 = 3*z + 3*a - 135. What is the tens digit of z?
4
What is the tens digit of 1632/24 - (-8)/(-2)?
6
Suppose -t = -2*t + 4*i + 49, 2*t + 4*i - 98 = 0. Let u = -27 + t. What is the units digit of u?
2
Suppose -7*u = -11*u + 656. What is the tens digit of u?
6
Let i = 0 - -4. Suppose -2 = -3*n + i. Suppose n*t = -0 + 4. What is the units digit of t?
2
Let l(b) = -b**3 + 2*b**2 + 2*b + 4. Let t be l(3). Let c be 1/((-1)/t)*-6. Let a = 4 + c. What is the tens digit of a?
1
Suppose 0 = 4*a + a - f - 43, 3*a = -4*f + 12. What is the units digit of a?
8
What is the units digit of ((-6)/(-9))/((-4)/(-2130))?
5
Suppose 4*a = 4*h + 5 + 7, -4*h + 33 = 5*a. What is the units digit of (-565)/(-25) - (-2)/a?
3
Let x be 1 + (8 - 1)*-1. Let g = 11 + x. What is the units digit of g?
5
Suppose 43*q = 42*q + 13. What is the tens digit of q?
1
Let z(v) = 2*v. What is the tens digit of z(12)?
2
Let u(o) = o**2 + 4*o + 38. What is the tens digit of u(-18)?
9
Let f(t) = 41*t - 6. Let b be f(4). Suppose 5*p - 2*l = b, 2*p + 3*l = -2*p + 108. What is the tens digit of p?
3
Suppose -3 - 5 = 2*l. Let c be (-5)/20 - 5/l. Let i = 1 + c. What is the units digit of i?
2
Suppose -q + 39 = -4*y + 2*y, 3*q = -3. What is the tens digit of 1/(-4) + (-645)/y?
3
Suppose 4*n = 2*n + 28. What is the tens digit of n?
1
What is the units digit of (-72 + 4)*(-2)/8?
7
Suppose -225 = -5*m + 65. What is the units digit of m?
8
Suppose 0 = i + b + 1 - 8, 19 = 5*i + b. Suppose 8 = 4*c - 8. Suppose -u - 13 = -i*u + q, 0 = 2*u + c*q - 18. What is the units digit of u?
7
Let r(n) = n**3 + 14*n**2 - 6*n - 8. What is the units digit of r(-14)?
6
Let l(j) = j**3 + 6*j**2 + 3*j - 3. Let d(n) = -n**2 - 11*n - 8. Let s be d(-7). Suppose -3*y - s = y. What is the units digit of l(y)?
7
Suppose 3*d - 54 = 4*n + 6*d, -50 = 4*n + 5*d. What is the units digit of (n/10)/(3/(-18))?
9
Let k = 0 - -2. Suppose -d + 32 = k*b, -2*b - 3*d + 26 = -b. What is the tens digit of b?
1
Let u(r) be the second derivative of -1/6*r**3 - r + 0 - 3/2*r**2. What is the units digit of u(-4)?
1
Let y = -27 + 40. What is the tens digit of y?
1
Let q(v) = 4*v**2 - 9*v. What is the tens digit of q(-3)?
6
Let u = 1 - 3. Let j be u/4 + 315/14. Suppose -2*b + 0*b = -j. What is the units digit of b?
1
Suppose 0*c = 3*c + 78. Let y(n) = 17*n - 13. Let f(r) = 4*r - 3. Let w(i) = c*f(i) + 6*y(i). What is the units digit of w(-4)?
8
Let q(f) = f**2 + 2*f + 2. Let j be q(-2). Let d(n) = j*n - 1 - 1 + 4 - 3*n. What is the units digit of d(0)?
2
Suppose 5*k + 4*f - 2*f - 805 = 0, 3*f = 4*k - 644. What is the units digit of k?
1
Suppose 2*h - 32 = z, -69 = 3*h - 8*h - 3*z. What is the units digit of h?
5
Suppose 0*f - 5*p + 68 = f, 5*f + p - 244 = 0. Suppose o = 5*o - f. What is the units digit of o?
2
Suppose 2*w - 1 - 1 = 0. Suppose t - 1 - w = 0. Suppose -i = -t*i + 1. What is the units digit of i?
1
Let k = -3 - -8. Let l(m) = -m**3 + 5*m**2 + 2. What is the units digit of l(k)?
2
Let w(a) = 47*a - 16. What is the tens digit of w(5)?
1
Let c(y) = 3*y**2 - 7*y - 9. What is the tens digit of c(8)?
2
Let v = -25 + 72. What is the units digit of v?
7
Let y = 264 - 150. What is the tens digit of y?
1
Let m = -56 + 59. What is the units digit of m?
3
Suppose -2*z + 20 = 3*z. What is the units digit of (-2)/(-4) - (-18)/z?
5
Let z = 164 - 93. What is the tens digit of z?
7
Suppose 2*k = 2*g - 28, 2*k - 42 = 3*g - 8*g. Suppose 4*c = i + 16, 5*c + 4*i = g + 10. What is the units digit of c?
4
Suppose -3*q = -0*q - 21. Let j be (-1*q)/(-1 - -2). What is the tens digit of (-74)/(-5) + j/(-35)?
1
Let y = -11 - -15. Suppose y*u = -u + 110. Suppose -u + 68 = 4*f - 3*h, 2*h = -4. What is the tens digit of f?
1
Suppose 4*a - 5*x + 13 = 0, 0 = 5*a + x - 7 - 13. Suppose a*s - 4*q = 17, 2*s + 0*q = q + 3. What is the units digit of 63/14 + s/(-2)?
5
Let s(r) = -r**3 - 7 - r**2 + 7*r**2 + 10*r - 6 + 6. Suppose w + a = 2*a + 11, 0 = -5*w - 2*a + 27. What is the tens digit of s(w)?
1
Let j(y) = -y**2 + 7*y + 6. Let n(s) = s - 1. Let o be n(7). What is the units digit of j(o)?
2
Let i = 59 + -142. What is the units digit of i/(-5) - (-2)/5?
7
Suppose 60 = m - t, 0*t - 3*t = 4*m - 205. What is the tens digit of m?
5
Suppose 4*z - 54 = -2. Let p = z - 8. What is the units digit of p?
5
Let w be (2/3)/(6/18). Suppose c + 12 = 4*k, -3*k = w*c + 3*c - 9. Suppose c*z - 5 = -z. What is the units digit of z?
5
What is the tens digit of (51*(-12)/15)/((-6)/40)?
7
Let f = -235 - -418. What is the tens digit of f?
8
Let w(x) = -6*x - 2. Let l be w(-5). Suppose -4*n + l = -2*d + 6*d, 3*d = -5*n + 25. What is the units digit of n?
2
Suppose h + 5*q - 91 = -3*h, 0 = 4*h - 5*q - 101. Let p = -12 + h. What is the units digit of p?
2
Suppose 4*j - 5*j = -216. What is the units digit of j?
6
Let v(q) = 5*q**2 + 12*q - 6. Let m(p) = -9*p**2 - 23*p + 13. Suppose -5*i + 21 = 1. Let z(j) = i*m(j) + 7*v(j). What is the units digit of z(-8)?
0
What is the units digit of 1/((1 - -2)/225)?
5
Let w = 116 - -26. What is the tens digit of w?
4
Suppose 3*x = -b + 161, 10 + 308 = 2*b + 4*x. What is the tens digit of b?
5
What is the tens digit of (-204)/(-18)*15*(-1)/(-2)?
8
What is the hundreds digit of -3 + ((-76)/1